 h.
2, 67
Suppose -1814 = -25*l + 23*l. Suppose 4*s = -5*u + 1133, u = -5*s + l + 483. List the prime factors of s.
277
Let g = 39 + 232. List the prime factors of g.
271
Let i(a) = -a**3 - 4*a**2 + a + 1. Let v be i(-4). List the prime factors of v/(-2)*-2*(-5 - 6).
3, 11
Let y(v) = v**2 - 7*v + 3. Let o(m) = -m**2 - 4*m. Let i be o(-2). Suppose 3*x - 1 = -z, 0 = -3*z + i*x + x + 45. What are the prime factors of y(z)?
3, 11
Suppose -50130 = -26*u - 19*u. List the prime factors of u.
2, 557
Let r be ((-3)/3)/(1/(-4)). Suppose 0 = i - 4*z - 40 - 12, 0 = i + r*z - 60. List the prime factors of i.
2, 7
Let t = 25 + 75. Let o = t + 16. What are the prime factors of o?
2, 29
Let l(y) = y + 30. Let r(d) = d - 5. Let q be (-3)/2*30/(-9). Let b be r(q). What are the prime factors of l(b)?
2, 3, 5
Suppose 624*r - 20088 = 618*r. What are the prime factors of r?
2, 3, 31
Let v(o) = o + 36. Let b be v(0). Let m = b + -24. Suppose -m*k - 93 = -15*k. List the prime factors of k.
31
Suppose -k - 2 = 2*w, 2*w = -k + 6*k - 38. Suppose -6 - k = 2*z. Let s = z + 35. List the prime factors of s.
29
Suppose -5*g + 15 = -2*g. Suppose 2 = m, -3*h + 20 = -0*h - g*m. Let w = 18 - h. What are the prime factors of w?
2
Suppose 0 = v + 4*v + 4*a - 1284, 3*a = 3. What are the prime factors of v?
2
Suppose 378 + 1042 = 4*i. Suppose -4*q = q - i. List the prime factors of q.
71
Let y(p) = 271*p**2 - 22*p - 67. What are the prime factors of y(-3)?
2, 23, 53
Let b(s) = s**3 - 24*s**2 + 30*s - 41. What are the prime factors of b(28)?
5, 787
Let v = 6 + -3. Suppose 0*z = -z - v. List the prime factors of (-2 - z)*(34 - 4).
2, 3, 5
Let n = -670 - -734. What are the prime factors of n?
2
Suppose 60 = -12*d + 2*d. List the prime factors of 2509/9 - d/54*2.
3, 31
Suppose 0*k - 3*k + 366 = 4*h, h = -4*k + 98. Suppose 5*p - 295 = -4*r, 3*r - 2*r - h = 2*p. List the prime factors of r.
2, 5
Suppose -161*p = -159*p - 10. Suppose 2*k - p*u - 428 = 0, k = 4*u - 29 + 246. What are the prime factors of k?
11, 19
Let f(o) = 19*o + 7. Let b(h) = -57*h - 20. Let j(v) = -6*b(v) - 17*f(v). Let u be j(4). Let d = u - 49. List the prime factors of d.
2, 7
Suppose -l + 1 = -10. Suppose 0 = -3*u + 40 + l. Let t = u + 5. What are the prime factors of t?
2, 11
Suppose -2*x + 5*a + 1880 = 0, 0 = 2*a - 0*a + 4. List the prime factors of x.
5, 11, 17
Let r = 988 + -450. What are the prime factors of r?
2, 269
Let x(s) = 2*s - 7. Let y(r) = r**3 - 4*r**2 + 7*r - 5. Let i be y(4). Let u = i + -11. What are the prime factors of x(u)?
17
Suppose n - 14*n = -143. List the prime factors of 438/n - (-20)/110.
2, 5
Let t = 549 + -489. Let n = 169 + -79. Let c = n - t. What are the prime factors of c?
2, 3, 5
Suppose 32*o - 65226 = -10*o. What are the prime factors of o?
1553
Let o = -37 + 66. Suppose 0 = 5*t - 6*t + o. What are the prime factors of t?
29
Let a(d) = d**3 - 7*d**2 - 4*d - 1. Let h be a(9). Let m = h - 62. List the prime factors of m.
3, 7
Let p(m) be the third derivative of 0*m - 1/6*m**3 + 0 - 1/24*m**4 - 7*m**2. What are the prime factors of p(-7)?
2, 3
Let o(y) be the third derivative of -y**6/120 - y**5/15 + 5*y**3/3 + 9*y**2. Let f be o(-7). Suppose f - 61 = 2*h. List the prime factors of h.
2, 3
List the prime factors of (-12)/210*-10*(-3073)/(-2).
2, 439
Let w be 22/4*-3*(-6 - 0). Suppose 3*v = 3*m - 285, v = -m - 0*v + w. What are the prime factors of m?
97
Let i be (-2)/(-4)*(-1 + 9). Suppose i*a - 75 = -h, a + 4 = -5*h - 1. What are the prime factors of a?
2, 5
Let h(m) = -m**3 + 5*m**2 - 5*m + 6. Let z be h(4). Suppose 3*a = z*b + 13, -a = -4*b + 2*a - 29. What are the prime factors of ((-14)/b)/(1/4)?
7
Let l = 476 + -339. List the prime factors of l.
137
Suppose -3*n + 3*y + 27 = 0, -n - 3*y + 17 = -6*y. Suppose 0 = -5*f - 5*c + n, 3*f - 2*c + 7 = -0*f. What are the prime factors of f/(-3) + (-41)/(-3)?
2, 7
Let b = -48 + 187. What are the prime factors of b?
139
Suppose y = 3*w + 557, 4*y - 5*w - 1233 = 1002. List the prime factors of y.
2, 5, 7
Let m(u) = 4*u - 10. Suppose 0 = d - 4*j + 1 - 2, -3*j + 8 = d. Let s be m(d). Let a = s - 0. List the prime factors of a.
2, 5
Let l be (-16)/12*(-564)/(-8). What are the prime factors of 14 + -16 + l/(-2)?
3, 5
Let p = 41 + -62. Let c be 163/(-7) - 6/p. Let l = -3 - c. List the prime factors of l.
2, 5
Let k(m) = 3*m**3 - 10*m**2 - 3*m - 14. Let d be k(7). Suppose 4*r + d = 3*n, n + 2*r = 4*n - 504. List the prime factors of n.
2, 3, 7
Let i(o) = -o**2 - 4*o - 1. Let m be i(-4). What are the prime factors of (-510)/(-15) - (2 + m)?
3, 11
Let a(d) = 3*d**2 - 3*d**2 + 2*d**2 + 0*d + 37*d**3 - d. Let z be a(1). Let o = -21 + z. List the prime factors of o.
17
Let m(n) = 9*n**2 + 5*n + 3. Suppose 0*q = -3*q - 4*c + 20, -2 = -q + c. List the prime factors of m(q).
167
Let t(o) = o**3 + 5*o**2 + o - 2. Let v be (-58)/(-10) + 8/(-10). Suppose 2*x = -3*h - 4, 32 = -h - 2*h + v*x. What are the prime factors of t(h)?
2, 5
Suppose -2*i = -4*r - 20, 2 = -i - 2. What are the prime factors of (-603)/r - (-1)/(-7)?
2, 43
Suppose 0 = -5*s - 3*i + 12, -3*s = i + 3*i - 5. List the prime factors of 4/6 + 91/s.
31
Let p be (-4 + (-1 - 27))/(1/(-1)). Let m = 65 - p. List the prime factors of m.
3, 11
List the prime factors of (-37548)/147*(-7)/1 + 6.
2, 3, 13, 23
Let u(t) = -t**3 + 5*t**2 - 4*t - 4. Let m be u(4). Let s(b) = -3*b - 6. Let j be s(m). Let d(i) = 7*i + 12. What are the prime factors of d(j)?
2, 3
Let h be (0 - -1)*(24 + -21). List the prime factors of h/(-2) + (-261)/(-6).
2, 3, 7
Suppose -d - 2*r = 8, 5*r - 3 = -8. What are the prime factors of 1 + d/(-27) + 2721/27?
2, 3, 17
Let s(f) = -f**3 - 6*f**2 + 8*f + 2. Let v be s(-7). Let x(i) = -2*i + 5. Let d be x(v). Suppose d + 13 = 4*t. What are the prime factors of t?
7
Suppose -4070 = -7*p + 2489. What are the prime factors of p?
937
Let f = -3 - -7. Suppose 3*z - i = -f*i + 12, 5*z = 3*i + 12. What are the prime factors of z?
3
Let c(v) = -v + 17. Suppose -4*l + 25 = -27. Let d be c(l). Suppose d*p = -p + 45. List the prime factors of p.
3
Suppose 3*i + i = 0. Suppose i = -5*c - 2*v + 510, -c + 58 = 5*v - 67. Suppose -5*b + 0*n = -2*n - c, -3*b + 3*n + 51 = 0. What are the prime factors of b?
2, 11
Let p be 1 - (-129)/(1 - (3 + -3)). Suppose 7*h + 4*d - p = 4*h, -3*d + 185 = 4*h. List the prime factors of h.
2, 5
Let q be -23 + (3 + 1)*1. What are the prime factors of (0 - 4)*q/4?
19
Suppose -b + 92 = -19. What are the prime factors of (b/3)/(1 - 8/10)?
5, 37
Let p be (5 + -157)*(-3)/3. Let r = p + -78. Suppose -1 = -5*a + r. What are the prime factors of a?
3, 5
Suppose 0 = -11*k - 3*k + 15204. List the prime factors of k.
2, 3, 181
Let r = 1871 + -933. List the prime factors of r.
2, 7, 67
Suppose -21*u - 10*u + 20460 = 0. List the prime factors of u.
2, 3, 5, 11
Let b = 2 - 3. Let x = 63 + -259. What are the prime factors of 2/b*x/8?
7
Suppose 2*i + 2*i = -k - 1767, 4*i + 4*k = -1752. What are the prime factors of 16/(-10) - -2 - i/5?
89
Let a = -62 - -65. What are the prime factors of a*((-274)/3)/(-2)?
137
Let w(f) = 2*f**3 - 11*f**2 - 11*f + 10. Let b(s) = -5*s**3 + 23*s**2 + 23*s - 21. Let r(z) = -3*b(z) - 7*w(z). What are the prime factors of r(-6)?
17
Suppose 0 = -i + 4*i - 4*o - 29, 2*o = 5*i - 39. Let m(a) = a**3 - 6*a**2 - 8*a - 2. Let h be m(7). Let p = i - h. List the prime factors of p.
2
Let g(p) = 4*p**2 + 31*p - 227. What are the prime factors of g(10)?
3, 7, 23
Suppose 4*s - 2934 = 2*v + 4696, 5*v = -2*s + 3845. What are the prime factors of s?
2, 5, 191
Let v be 1*-4*4/(-16). Let o be 1/(-3 + 2/v). List the prime factors of (-1 - (o + 1)) + 15.
2, 7
Let m = 205 - 65. What are the prime factors of m?
2, 5, 7
Let f = 995 - -997. What are the prime factors of f?
2, 3, 83
Suppose 30*f - 6*f = 39552. What are the prime factors of f?
2, 103
Suppose 0 = -4*n + 2*j + 12, 2*n - 2*j = -3*n + 13. What are the prime factors of (-10 - 21)/(n/(-3))?
3, 31
Suppose -15*q + 108 = 33. Suppose -1 = 4*r - q, 0 = 2*f + r - 187. What are the prime factors of f?
3, 31
List the prime factors of (3*(-238)/126)/((-1)/123).
17, 41
Let m = -306 - -771. List the prime factors of m.
3, 5, 31
Suppose 176 = 13*k - 9*k. Let v = -7 + k. What are the prime factors of v?
37
Suppose 0 = 6*a - 5*a - 3. Let